me factors of 72243.
3, 23, 349
List the prime factors of 1666309.
1666309
What are the prime factors of 2118962?
2, 41, 25841
List the prime factors of 1804.
2, 11, 41
What are the prime factors of 3609748?
2, 902437
List the prime factors of 3832251.
3, 31, 89, 463
What are the prime factors of 136135?
5, 19, 1433
What are the prime factors of 124333?
11, 89, 127
List the prime factors of 1231284.
2, 3, 102607
What are the prime factors of 20555780?
2, 5, 7, 29, 61, 83
What are the prime factors of 7668817?
13, 263, 2243
List the prime factors of 9543700.
2, 5, 19, 5023
List the prime factors of 865338.
2, 3, 144223
What are the prime factors of 82931?
127, 653
List the prime factors of 163060.
2, 5, 31, 263
List the prime factors of 15597584.
2, 974849
What are the prime factors of 48434?
2, 61, 397
What are the prime factors of 470069?
277, 1697
What are the prime factors of 655431?
3, 7, 23, 59
What are the prime factors of 139143?
3, 46381
What are the prime factors of 25702110?
2, 3, 5, 7, 1511
What are the prime factors of 3671760?
2, 3, 5, 15299
List the prime factors of 347096.
2, 43, 1009
List the prime factors of 63045.
3, 5, 467
What are the prime factors of 33599?
33599
What are the prime factors of 5218339?
7, 745477
List the prime factors of 458340.
2, 3, 5, 7639
What are the prime factors of 3282382?
2, 389, 4219
List the prime factors of 5092912.
2, 11, 19, 1523
List the prime factors of 1907561.
1907561
List the prime factors of 11094196.
2, 2773549
What are the prime factors of 125252?
2, 173, 181
What are the prime factors of 2608395?
3, 5, 17, 53, 193
List the prime factors of 435397.
435397
What are the prime factors of 449829?
3, 151, 331
List the prime factors of 112178.
2, 11, 5099
What are the prime factors of 98979?
3, 32993
List the prime factors of 10822001.
19, 569579
List the prime factors of 9501865.
5, 1900373
What are the prime factors of 11458818?
2, 3, 7, 199, 457
What are the prime factors of 4437016?
2, 554627
List the prime factors of 185591.
7, 26513
List the prime factors of 9288682.
2, 13, 19, 18803
List the prime factors of 36201566.
2, 18100783
What are the prime factors of 1214197?
1214197
List the prime factors of 2207717.
67, 83, 397
What are the prime factors of 93028?
2, 13, 1789
List the prime factors of 175335.
3, 5, 11689
What are the prime factors of 1527235?
5, 281, 1087
What are the prime factors of 4183454?
2, 11, 59, 293
List the prime factors of 2760692.
2, 11, 62743
List the prime factors of 1880963.
7, 23, 1669
What are the prime factors of 85072?
2, 13, 409
What are the prime factors of 1032696?
2, 3, 7, 683
List the prime factors of 237036.
2, 3, 19753
What are the prime factors of 839950?
2, 5, 107, 157
List the prime factors of 37064.
2, 41, 113
What are the prime factors of 656067?
3, 29, 7541
List the prime factors of 1207539.
3, 134171
What are the prime factors of 499135?
5, 7, 13, 1097
List the prime factors of 6443877.
3, 11, 31, 6299
List the prime factors of 64218.
2, 3, 7, 11, 139
What are the prime factors of 556994?
2, 278497
List the prime factors of 2939900.
2, 5, 29399
What are the prime factors of 933292?
2, 233323
List the prime factors of 2767322.
2, 883, 1567
What are the prime factors of 4722112?
2, 73783
List the prime factors of 25718944.
2, 803717
What are the prime factors of 303342?
2, 3, 13, 3889
List the prime factors of 8643963.
3, 199, 14479
What are the prime factors of 983396?
2, 245849
List the prime factors of 138257.
7, 19751
List the prime factors of 26880978.
2, 3, 17, 211, 1249
List the prime factors of 4268311.
4268311
What are the prime factors of 277511?
13, 21347
List the prime factors of 305982.
2, 3, 89, 191
What are the prime factors of 268213?
11, 37, 659
What are the prime factors of 3842233?
31, 41, 3023
What are the prime factors of 7081772?
2, 47, 139, 271
What are the prime factors of 33402231?
3, 37, 2711
List the prime factors of 341348.
2, 7, 73, 167
What are the prime factors of 30836?
2, 13, 593
What are the prime factors of 258538?
2, 7, 59, 313
List the prime factors of 105842.
2, 11, 17, 283
List the prime factors of 10190095.
5, 2038019
What are the prime factors of 248415?
3, 5, 16561
List the prime factors of 13338806.
2, 13, 513031
What are the prime factors of 40022?
2, 20011
List the prime factors of 7189082.
2, 3594541
List the prime factors of 15877625.
5, 37, 3433
List the prime factors of 45411948.
2, 3, 420481
List the prime factors of 1026998.
2, 7, 109, 673
What are the prime factors of 1231181?
7, 19, 9257
List the prime factors of 514627.
67, 7681
List the prime factors of 2510306.
2, 1255153
What are the prime factors of 63565?
5, 12713
What are the prime factors of 132833?
132833
What are the prime factors of 395152?
2, 24697
List the prime factors of 611738.
2, 263, 1163
List the prime factors of 309608.
2, 13, 229
List the prime factors of 334458.
2, 3, 17, 1093
What are the prime factors of 9316587?
3, 7, 23, 19289
What are the prime factors of 1836677?
41, 44797
List the prime factors of 422186.
2, 211093
List the prime factors of 687882.
2, 3, 13, 8819
What are the prime factors of 415670?
2, 5, 197, 211
List the prime factors of 347353.
163, 2131
What are the prime factors of 9289?
7, 1327
List the prime factors of 405081.
3, 1667
What are the prime factors of 5000878?
2, 2500439
What are the prime factors of 13947?
3, 4649
List the prime factors of 20127074.
2, 11, 914867
List the prime factors of 191647.
83, 2309
What are the prime factors of 12600833?
7, 1800119
What are the prime factors of 4821932?
2, 1087, 1109
List the prime factors of 17193239.
7, 17, 144481
List the prime factors of 2241189.
3, 23, 401
List the prime factors of 1164437.
29, 40153
List the prime factors of 294365.
5, 113, 521
What are the prime factors of 1137603?
3, 23, 16487
What are the prime factors of 669071?
13, 37, 107
List the prime factors of 167243.
29, 73, 79
What are the prime factors of 4228159?
13, 23, 79, 179
What are the prime factors of 390896?
2, 11, 2221
What are the prime factors of 26130870?
2, 3, 5, 17, 5693
What are the prime factors of 195295?
5, 139, 281
What are the prime factors of 4470811?
4470811
What are the prime factors of 241693?
101, 2393
List the prime factors of 3972121.
19, 41, 5099
List the prime factors of 7382783.
7382783
What are the prime factors of 150541?
47, 3203
List the prime factors of 210377.
79, 2663
What are the prime factors of 9498292?
2, 59, 167, 241
List the prime factors of 271324.
2, 29, 2339
List the prime factors of 131410.
2, 5, 17, 773
List the prime factors of 2246562.
2, 3, 41603
What are the prime factors of 493282?
2, 246641
List the prime factors of 386525.
5, 15461
List the prime factors of 1398530.
2, 5, 7, 19979
List the prime factors of 1688318.
2, 233, 3623
What are the prime factors of 615237?
3, 7, 29297
List the prime factors of 14293133.
41, 89, 3917
List the prime factors of 1371253.
13, 313, 337
List the prime factors of 10834998.
2, 3, 1805833
List the prime factors of 3661722.
2, 3, 203429
List the prime factors of 9979245.
3, 5, 211, 1051
List the prime factors of 226406.
2, 17, 6659
List the prime factors of 261445.
5, 52289
What are the prime factors of 2551624?
2, 19, 16787
List the prime factors of 195860.
2, 5, 7, 1399
List the prime factors of 18241.
17, 29, 37
What are the prime factors of 111499?
43, 2593
What are the prime factors of 9178821?
3, 31, 167, 197
List the prime factors of 36294957.
3, 4032773
What are the prime factors of 7376716?
2, 1844179
List the prime factors of 2936901.
3, 11, 88997
What are the prime factors of 1493300?
2, 5, 109, 137
What are the prime factors of 615451?
17, 41, 883
What are the prime factors of 6307312?
2, 11, 35837
List the prime factors of 410111.
13, 31547
List the prime factors of 205957.
205957
What are the prime factors of 5345822?
2, 149, 17939
What are the prime factors of 208098?
2, 3, 11, 1051
List the prime factors of 33286593.
3, 11095531
List the prime factors of 639609.
3, 213203
What are the prime factors of 8763966?
2, 3, 23, 21169
List the prime factors of 1895029.
37, 51217
List the prime factors of 9252487.
19, 281, 1733
List the prime factors of 8630342.
2, 7, 29, 733
What are 